 s = y - 15. What is the units digit of s?
8
Let d = 1040 + 859. What is the tens digit of d?
9
Let m(z) = -2*z + 2. Let o be m(1). Suppose -n - 9 - 11 = o. Let h = n - -43. What is the units digit of h?
3
Let b be 18 + (2 - -2) + -2. Let z be ((-32)/b + 2)*65. Suppose -t = -28 - z. What is the tens digit of t?
5
Let p be (-4008)/54 + 2/9. Let v = p - -145. What is the tens digit of v?
7
Suppose 9*z - 130 = 4*z. Let w = 23 - 16. Suppose -3*u + w*u = -v + z, -5*v - u = -187. What is the tens digit of v?
3
Suppose 2*i + 16 - 172 = 0. What is the tens digit of i?
7
Let a(l) = -l**3 - 7*l**2 - 11*l - 5. Let y be a(-5). Suppose 4*x + 20 = y, 5*q - 275 = -0*x + 2*x. Suppose 0*w - q = -w. What is the units digit of w?
3
Let v = -71 + 106. Let h = v + 96. What is the units digit of h?
1
Let o(m) = m**3 - 3*m**2 + m + 2. Let h be o(3). Suppose 0 = -4*i + h*i. Suppose -r - f - 3*f + 23 = i, -2*r + 58 = 2*f. What is the units digit of r?
1
Let y(q) = -q + 5. Let l be y(7). Let m be 5 - (2/l + 2). Suppose c - 26 = -o, 3*o = -0*o + m*c + 99. What is the units digit of o?
9
Let q be (-212)/(-44) - (-4)/22. Let j(h) = h**3 - 4*h**2 + 3*h - 9. What is the tens digit of j(q)?
3
Let c be (3 - 0)/9*3. What is the units digit of -4 + 45 + (c - 3)?
9
Let v(t) = -799*t - 94. Let o(n) = -12*n - 13*n - 5 - 17*n. Let d(h) = 94*o(h) - 5*v(h). What is the units digit of d(1)?
7
What is the tens digit of (-51 - 1)*(-4 - 22)?
5
Suppose 2*s = y - 1657, -3*s = -4*s + 2. What is the tens digit of y?
6
Let i be (10/(-8))/((-5)/(-20)). Let o(f) = 3*f - 2. Let n be o(i). What is the tens digit of (1 - 2)*(n - 3)?
2
Suppose -x = -6*x + y + 20, 3*x = 3*y. Suppose 0 = -5*f + 4*z + 120, x = -4*f + 5*z + 92. What is the units digit of f?
8
Let r(q) = 10*q + 0*q**2 - 12*q + 4 - 13 + q**2. Let c be r(-4). Let u = c + -4. What is the tens digit of u?
1
Let j = 1 + -1. Let i be -1*(j + 1 - 95). Let n = i + -47. What is the tens digit of n?
4
Let n(q) = -3*q**2 + 2*q - 3. Let y be n(3). Let z = 23 + y. What is the tens digit of (z/3)/((-17)/969)?
1
Suppose 2*w + 2*j - 4 = -12, -w - 12 = -j. Let o = w - -8. Suppose o = r + y + 3*y - 2, -5*r + 5*y = -60. What is the units digit of r?
0
Suppose 3*q + 24 = -r - 19, 4*r = -3*q - 154. Let o = -22 - r. What is the units digit of o?
5
What is the tens digit of 4 + (-45)/(-9) - -263?
7
Suppose -4*b + 2*b + 5*h = -1083, -4*b = 3*h - 2153. What is the tens digit of b?
3
Suppose h + 2 - 7 = y, h - 3 = -y. Let j be (-28)/(-6) + h/3. What is the units digit of 2/(j/(-3))*-12?
2
What is the hundreds digit of (-28 + 31)/(4/5404)?
0
Let n(g) = -50*g + 1. Let v(w) = 399*w - 9. Let d(f) = 33*n(f) + 4*v(f). What is the units digit of d(-2)?
5
Let k(n) = -n - 13. Let m be k(-9). What is the units digit of m/(-5) + (-2266)/(-55)?
2
Let b(m) = m**3 + 6*m**2 - 11*m + 38. Let r be b(-8). Suppose -2*c - 23 - 49 = 0. What is the tens digit of (r/(-6) - 1)*c?
2
Suppose -6*j = 10898 - 31064. What is the units digit of j?
1
Let w = -20 - -16. What is the tens digit of (-485)/(-6) - (w + 115/30)?
8
Let n(g) = -g**3 + 16*g**2 + 17*g + 20. Let h(u) = -u**3 - 2*u**2 - 3*u - 1. Let k be h(-3). What is the units digit of n(k)?
0
Suppose -32*a - 444 = -29*a. Let u = -52 - a. What is the tens digit of u?
9
Let n be ((-4)/(-8))/(3/(-6)). Let v = 2 + n. What is the units digit of v/3 + (-390)/(-18)?
2
Let w = 9 + 5. Let j = w + -11. Let l = 3 + j. What is the units digit of l?
6
Let u = -21 + 13. What is the units digit of (-306)/u + (-15)/(-20)?
9
Suppose -204*x + 192*x + 29100 = 0. What is the units digit of x?
5
Suppose -5590 - 670 = -5*j. What is the hundreds digit of j?
2
Suppose 0 = 8*f - 5*f - 933. What is the units digit of f?
1
Suppose 0 = 3*p + 12, -5*i + 8*i + 4*p - 4979 = 0. What is the units digit of i?
5
Let i(r) = -15*r + 5. Let h be i(4). Let b = h - -96. What is the units digit of b?
1
What is the tens digit of ((-3)/4)/(11/(-14 - 36198))?
6
Let p(a) = -a + 20. Let l be p(15). Suppose l*i + 2*r - 67 = 0, 0*i = -i + 5*r + 8. Let s(m) = m**2 - 12*m + 1. What is the tens digit of s(i)?
1
Let f = 6 - 6. Suppose f = -y + 6 - 4. Let t = 3 - y. What is the units digit of t?
1
Suppose 610 + 400 = -5*o. Let l = o + 366. What is the units digit of l?
4
Let y be (0 + (3 - 2))*5. Suppose y*a = -0*a. Suppose l + 4*g - 18 = -l, 2*l + g - 18 = a. What is the units digit of l?
9
Let o(p) be the first derivative of -3*p**2/2 + p + 1. Let z = -80 - -74. What is the tens digit of o(z)?
1
Suppose -4*w - 3*p + 10327 - 3942 = 0, 0 = -4*w + 2*p + 6370. What is the thousands digit of w?
1
Let s = -18 + -12. Suppose -42 = 4*k - 210. Let d = k + s. What is the units digit of d?
2
Let u be 0 - -1 - (1 + -6). Suppose -5*p = 4*i + 13 - 157, 0 = 4*i - 4*p - 180. Let w = i - u. What is the tens digit of w?
3
Suppose 980*b + 1326 = 983*b. What is the hundreds digit of b?
4
Suppose -2*p + 290 = 66. What is the tens digit of p?
1
Suppose 0 = -3*m + 5*m - 5*c - 1776, 1740 = 2*m + 4*c. What is the units digit of m?
8
Let x = -2 + -6. Let q be 297/36*x/(-3). Suppose 6 = 2*n, -4*l - n = -q - 13. What is the units digit of l?
8
Let q be 3 + -1 + 6 + (-1 - 3). Suppose -w = c - 164, -5*w + 1153 - 330 = q*c. What is the hundreds digit of w?
1
Let z be 6/2 - (-1 - -5). Let y be 41 + 3 + -2 + z. Let u = -26 + y. What is the units digit of u?
5
Let d be (2 - 2)/1*1. Suppose o = 0, 4*z + 0*z - 2*o - 116 = d. What is the tens digit of z?
2
Suppose 0 = -9*z + 32180 + 2425. What is the tens digit of z?
4
Let m(s) = -21*s**2 + 14*s - 30. Let l be m(5). Let x = 774 + l. What is the tens digit of x?
8
Let q(n) = 8*n**2 - 16*n - 16. What is the tens digit of q(11)?
7
What is the tens digit of (695/(-3) + -2)/((-14)/42)?
0
Let t(b) = b**3 + 3*b**2. Let l be t(-3). Suppose l = -5*w + 25, -2*o = -7*o + 5*w + 380. What is the units digit of o?
1
Let d = 15 - 2. Suppose -14*v + 102 = -d*v. What is the tens digit of v?
0
Let l(v) be the first derivative of 2*v**3/3 + v**2 - 6*v - 17. Suppose 3*j = -0*j - 2*x - 15, 0 = j - 2*x + 5. What is the tens digit of l(j)?
3
Suppose 3*z + 4*h = 1174, -9*h + 10*h = -2*z + 776. What is the hundreds digit of z?
3
What is the units digit of (7 - 1)/(6/909)?
9
Suppose 0 = -3*k + k + 158. Suppose 479 + k = 6*s. What is the tens digit of s?
9
Let y(v) = 105*v + 29. What is the units digit of y(5)?
4
What is the tens digit of (-1)/(-2)*(1680 + -34)?
2
Suppose 6*h - 276 = -78. What is the tens digit of h?
3
Suppose 0 = 2*r - 10, 5*n = -0*r - 2*r + 935. Suppose 30 = 5*m - n. What is the units digit of m?
3
Suppose -3*p - 798 = -5*g, 4*p = -3*g + 5*p + 478. What is the tens digit of (g/(-5))/((-9)/45)?
5
Suppose 0 = 12*x - 8*x - 7276. What is the hundreds digit of x?
8
Suppose -34 = -5*h - 4. Suppose -176 - 280 = -h*s. What is the units digit of s?
6
What is the hundreds digit of (-61)/(-122) + (-24362)/(-4)?
0
Let g(b) = -136*b + 17. What is the hundreds digit of g(-2)?
2
Let r be (1 + -2)*3*-1. Suppose -q - 4*q + 5*m + 275 = 0, -r*m + 267 = 5*q. Suppose -5*u = -q + 9. What is the units digit of u?
9
Let j = 5016 + -3204. What is the hundreds digit of j?
8
Suppose 208 + 184 = 7*z. What is the units digit of ((-6)/(-4))/(12/z)?
7
Let d = 92 - -119. What is the hundreds digit of d?
2
Let b be 0*((-3)/(-6) - (-1 + 2)). Suppose -4*z = -b*z + 4*a - 40, 4*a = -2*z + 14. What is the units digit of z?
3
Suppose -19*w + 2*x = -20*w + 131, 4*w - 560 = 4*x. What is the units digit of w?
7
Let n(f) = -f**3 + 10*f**2 + 13*f - 1. What is the tens digit of n(10)?
2
Let h be (1 + (5 - -1))*1. Suppose 4*t - h = 1. What is the units digit of (t + -3)*(6 + -14)?
8
Let w(n) = 2*n + 8. Let d(s) = -12*s**2 + 1. Let j be d(-1). Let i(x) = -x**2 - 12*x - 1. Let f be i(j). What is the units digit of w(f)?
8
Suppose 8*x - 6*x - 2968 = -2*h, 3*h - 3*x = 4452. What is the hundreds digit of h?
4
Let i(d) = -16*d - 16. Let l be i(-19). Suppose -u - 2*u + l = 0. What is the units digit of u?
6
Let b be (-7 - -7)*(-1)/3*-1. Suppose b = -r - 2*j + 198, 0 = r - 6*r - j + 945. What is the hundreds digit of r?
1
Let g = -569 + 1232. What is the tens digit of g?
6
Let z be (-2)/1 - (-33 - 4). Suppose 3*q - 9 = 0, 5*m + z = q + 112. What is the units digit of m?
6
Suppose 36 = 13*z - 7*z. Suppose -5*x - 2*t + z*t = -729,